 g**2. Suppose 2*u - 1 - 9 = -2*c, 5*u = 10. What is x(c)?
-5
Suppose -3 = -2*q - 9. Let f(j) = 2*j**3 + 5*j**2 + 3*j + 2. Calculate f(q).
-16
Let b(i) be the first derivative of -i**2 - 8*i - 28. Calculate b(-6).
4
Let h(i) = -i**2 + 7*i + 3. Let m be h(7). Suppose 0 = -3*z - 3*a - 9, 5*a + 7 = -m*z - 8. Let y(s) = 0*s - 4*s + 6 + 3*s. What is y(z)?
6
Let s(j) = -j**2 + 4*j + 5. Let t(r) = -r - 4. Let m be t(-9). Suppose 4*f + 2*b = 0, 5*f - m*b - 26 = -b. Let u be f/8 + (-30)/(-8). What is s(u)?
5
Let h(r) = 6*r - 1. Suppose v - 16 = -3*v. Suppose -1 = -5*b + v. Let q be h(b). Let i(c) = c + 1. What is i(q)?
6
Let z be ((-24)/14)/(3 + 92/(-28)). Let y(w) be the first derivative of -w**3/3 + 3*w**2 - 3*w - 1. What is y(z)?
-3
Let m(y) = 10*y - 26. Let v be m(3). Let t(h) be the first derivative of -h**5/60 + h**4/4 - h**3/3 + 1. Let k(s) be the third derivative of t(s). What is k(v)?
-2
Let i(j) be the third derivative of j**5/40 - j**4/8 - j**3/3 + 2*j**2. Let s(n) be the first derivative of i(n). Let w = 2 - 0. Give s(w).
3
Let s(m) = 5*m - 11. Let k(t) = -4*t + 11. Let a(d) = -2*k(d) - 3*s(d). Let g(v) = -3*v + 5. Let f(o) = -2*a(o) + 5*g(o). Determine f(5).
-2
Suppose -11 = 3*b - 2. Let o be (b - -3) + (-2)/1. Let y(q) be the first derivative of q**3 + q**2 - 1. Give y(o).
8
Suppose -2*v + 7*v - 4*m - 14 = 0, 5*v = -2*m + 8. Let i(b) = 5*b - 3. Give i(v).
7
Let m(w) = 1. Let n(i) = 3*i - 7. Let u(l) = 4*m(l) + n(l). Let p(o) = 4*o - 3. Let b(k) = -6*p(k) + 7*u(k). Calculate b(-2).
3
Let v be (-8)/6*(-1 + -2). Let c(k) = -1 + 0*k + 3*k - 4*k. What is c(v)?
-5
Let j(k) be the second derivative of -9/20*k**5 + 0 + 0*k**2 - 5*k + 0*k**3 - 1/12*k**4. Give j(-1).
8
Let r(a) = 5*a - 11*a**2 + 5*a - 1 + 2 + 10*a**2. Let s be r(10). Let p(c) = 3*c**3 - c**2 + c. Calculate p(s).
3
Suppose 0 = 5*o + 6 - 21. Let j(z) = z**2 - 2*z + 3. Calculate j(o).
6
Let k(t) = -170*t - 1 - 3*t**2 + 91*t + 81*t + t**3. Determine k(2).
-1
Let h be ((-4)/(-2))/(2/3). Suppose -5*x + 3*n - 9 = 0, 0 = -h*x - x - n + 3. Let w(i) = x*i - 2*i + i - 2 - 3. What is w(-5)?
0
Suppose -3 = m + 2. Let n(w) = -w**3 - 4*w**2 + 4*w - 3. Determine n(m).
2
Let m = -47 - -45. Let r(c) = -2*c + 2 - 2*c + 2*c. What is r(m)?
6
Let h be (-5)/(-20) - (-2)/(-8). Let r(k) = -k - 6. What is r(h)?
-6
Let y be (-3)/(-9)*(1 + 8). Suppose -5*a + 11 = -l, -a - y = -3*l + 2*a. Let m(r) = l - r - 4 + 6*r**2. What is m(1)?
5
Let b = 7 - 2. Let u(r) = -6*r + 4. Let s(a) = -5*a + 4. Let h(t) = -5*s(t) + 4*u(t). Calculate h(b).
1
Let s(a) = -2*a + 1. Suppose -5*f + 5*o + 63 = 18, f = -2*o + 3. Suppose -f*n + 4*n = 0. Suppose b = -5*u - 1, -3*b + 3*u = -n*b + 3. Give s(b).
3
Let v(p) = p**2 - p + 1. Let l be v(2). Let b(h) = -28*h + 22*h - l + 2. Determine b(1).
-7
Let r(c) = c. Suppose -f = 2*f - 15. Let b be (-4)/(-10) + 8/f. Calculate r(b).
2
Suppose 3*o + 28 = 7*o. Let p(l) = 4*l + o + 0*l - 5*l. Calculate p(3).
4
Let w(q) = 3*q + 4. Let c(n) = -2*n - 3. Let h(l) = -8*c(l) - 5*w(l). Determine h(5).
9
Let c(b) be the third derivative of -b**6/24 - b**5/60 - 3*b**2. Calculate c(1).
-6
Let u(a) = a**2 + 7*a - 8. Suppose 6*o - 5*g + 23 = 3*o, -5*g = -o - 11. Determine u(o).
-14
Let g(a) = 68 - 2*a**2 + 2*a - 69 - 5*a**2 - 4*a. What is g(-1)?
-6
Let b be 2/(-2)*75/(-15). Let c(f) = f**2 - 6*f - 2. What is c(b)?
-7
Let g(a) = -a**2 + 6*a - 5. Suppose -3*o + 5*y + 10 = 0, -4*o + y = -7 - 12. Give g(o).
0
Let y(s) = s - 5. Let q be y(8). Let r = q + -2. Let i(u) = 0 - 5*u - r - u**2 + u. Determine i(-2).
3
Suppose 2*a - 18 = 4*c, c - 15 = a + 5*c. Let d(q) be the first derivative of 3*q**2 - q - 6. Determine d(a).
5
Let m(f) be the second derivative of f**4/24 - 5*f**3/6 + f**2 + 3*f. Let k(z) be the first derivative of m(z). Give k(4).
-1
Let m(x) = -x**2 + 6*x + 7. Let y = 9 + -11. Let j = y - -8. Give m(j).
7
Let c(m) = -3*m. Suppose 5*x - 2*y = 13, -5*x - 4 = 2*y - 1. Determine c(x).
-3
Let n(y) = -5 - 7*y**2 + 0*y**2 + 2*y**2 + 5*y + 4*y**2. What is n(4)?
-1
Let d(q) = 7*q**3 - q. Let f(a) = 2*a**2 - 1. Let p(h) = h**2 - 4*h + 1. Let o be p(4). Let g be f(o). What is d(g)?
6
Let r(b) = 6*b**3 + 2*b - 1. Suppose 2*h - 28 = -26. Give r(h).
7
Let n(z) = 9*z + 3 - 2 + 7*z - 14*z. What is n(-2)?
-3
Let q(g) be the third derivative of 1/120*g**6 + 1/20*g**5 + 0*g - g**2 - 1/6*g**4 + 1/6*g**3 + 0. Give q(-3).
13
Let x be (4/2)/(5/35). Let y = x + -14. Let h(p) = -p**3 - p**2 - 2. Calculate h(y).
-2
Let x(t) = -t**3 + 2*t**2 + t + 3. Let v(n) = 16*n + 39. Let p(c) = 3*c + 8. Let z(m) = -11*p(m) + 2*v(m). Let i be z(-13). Calculate x(i).
-3
Let a(k) = -6*k**2 - 10*k**2 + 15*k**2 - 4 + 4*k. What is a(4)?
-4
Let n(h) be the first derivative of 2*h**2 - 3. Calculate n(-1).
-4
Let o(w) be the second derivative of 0 - 1/6*w**3 + 5/2*w**2 - w. Suppose -3*s = -0*s + 5*a + 13, s + 1 = -a. What is o(s)?
1
Let n(w) = -w**2 + 2*w + 5. Let o = -4 + 7. Suppose -4*u - 2*z + 12 = 2*z, -17 = -5*u - o*z. What is n(u)?
-3
Let z = 88 - 91. Let t(q) = 2*q. Determine t(z).
-6
Let n(q) = q**2 + 7*q + 3. Let w be 57/21 + 2/7. Let y be (3/(-6))/(1/(-54)). Suppose 3*i + 4*m + y = 0, 0*i - m - 18 = w*i. Give n(i).
-7
Let v be (-6)/(-51) - (-198)/51. Let a(b) = -b**2 + 5*b - 5. What is a(v)?
-1
Suppose 25*c = 24*c. Let w be (4/6)/(1/3). Let u(s) = c*s**w - 7 + 4 + s**2. Give u(3).
6
Let v(k) = 3*k + 1. Suppose -u = -14*u - 39. Calculate v(u).
-8
Suppose 4*c - 6 = -5*f, c - f - 14 = -2*c. Suppose b - c*h = 4, -h = -4*b + 2*h + 3. Let o(p) = -p - 11. Calculate o(b).
-11
Let o(f) = f - 14. Let s(h) = 3*h - 41. Let z(r) = -17*o(r) + 6*s(r). What is z(0)?
-8
Let o = 8 + -12. Let g(r) = 0*r - r + 3*r + 5. Give g(o).
-3
Let d = 9 - 6. Let y(x) be the third derivative of x**6/120 - x**5/30 - x**3/3 - x**2. Determine y(d).
7
Let i(d) = 3*d - 1 + 1. Let x(c) = -2*c. Let p be x(3). Let f be 5*-1*p/15. Give i(f).
6
Let x(t) = t**3 - 8*t**2 - t + 2. Let s be 78/9 - (-18)/(-27). Give x(s).
-6
Let i(q) = q**3 - 5*q**2 + 2*q + 1. Let y be i(5). Let d(v) = v - 5. Let f(l) = -5*l + 24. Let a(w) = y*d(w) + 2*f(w). Calculate a(8).
1
Suppose 2*k - b = 4, 3*k - 2 - 2 = 2*b. Suppose k = -3*v + v. Let z(t) = 3*t + 3. Determine z(v).
-3
Let k(y) be the first derivative of y**4/4 - 2*y**3 + 3*y**2 + 4*y - 3. Let u = 32 + -27. What is k(u)?
9
Let y(v) = v**3 - 8*v**2 + 4. Suppose 47 = 4*a + 15. Determine y(a).
4
Let l(x) = 2*x - 1. Let k = -5 - -15. Suppose d = 6*d + k. Determine l(d).
-5
Let m = -47 - -47. Suppose -10 = -4*c - c. Let o(k) = m*k**2 - k**c + 0*k**2 + 4*k + 5 - 5*k. What is o(0)?
5
Let b(m) = 3*m + 6. Let y = -14 + 10. What is b(y)?
-6
Let h(d) = d - d + 37*d**3 + 4*d**2 - 1 - 36*d**3. Determine h(-4).
-1
Let l(a) = a - 5. Let t be l(9). Suppose i = t*i. Let k(z) = -14*z - 12. Let v(h) = -5*h - 4. Let w(q) = -6*k(q) + 17*v(q). Determine w(i).
4
Suppose 2*o - 14 = -3*v, o = 5 - 1. Let j be (-56)/(-10) - (-6)/15. Suppose v*l = 5*g + 2, 2*g - g + j = -l. Let t(y) = y**2 + 3*y - 2. What is t(l)?
2
Suppose i + 30 = 6*i. Let z(o) = o**3 - 5*o**2 - 6*o - 4. Determine z(i).
-4
Suppose -5*b + 4*b + 5*y + 1 = 0, 0 = -4*y. Let c(k) = -2*k**3 + k - 1. Give c(b).
-2
Let y(t) = -5*t - 3. Let m = 6 - 8. What is y(m)?
7
Let v(a) be the first derivative of -a**6/360 + a**4/24 - a**3 - 3. Let n(c) be the third derivative of v(c). Calculate n(-3).
-8
Let g = -2 - -4. Let l(o) = o**2 - o**2 - 4*o - 1 + o**g. Calculate l(3).
-4
Let f(o) = -13*o**3 + 7*o**2 - 5*o + 5. Let h(w) = 7*w**3 - 4*w**2 + 3*w - 3. Suppose 5*l + 2*v + v = 20, -4*v = l + 13. Let d(a) = l*h(a) + 4*f(a). Give d(1).
-3
Suppose -f - 3*f = 12. Let h(s) = s**2 + 5*s + 2. Let j be h(f). Let v(z) = z**3 + 5*z**2 + 5*z - 3. Calculate v(j).
-7
Let m(v) be the second derivative of -v**7/840 + v**6/120 + v**5/20 - v**4/6 + v**3/3 - 2*v. Let t(p) be the second derivative of m(p). What is t(4)?
4
Let d(x) = x**2 - 5*x + 4. Let p be (-3)/(-1) + (0 - 0). Calculate d(p).
-2
Let l(o) = 2 - 3 + 2*o**2 + 0. Suppose 17 = -q - 3*h + h, 2*q + 2*h = -24. Let r = 6 + q. Determine l(r).
1
Suppose 2 = -k + 1. Suppose -4*p = -1 - 3. Let a(v) = 3*v**2 + p - 2 + 3*v**2. Calculate a(k).
5
Let h(w) = -3*w**3 - 5*w**2 + w + 3. Let u(j) = -4*j**3 - 5*j**2 + j + 3. Let g(x) = -3*h(x) + 2*u(x). Suppose 10 = -b + 6*b. Let n = -7 +